he hundreds digit of s?
2
Let p(c) = 3*c - 73. Let u be p(24). What is the hundreds digit of u + (-2)/(-3) - 562020/(-612)?
9
What is the tens digit of (-3 - -13 - (-1495)/20)*872/6?
1
Suppose -73209 + 16159 = -14*o. What is the units digit of o?
5
Let j = 43020 - 22923. What is the units digit of j?
7
What is the thousands digit of 23/((-115)/(-199220)) + 5 + -6?
9
Let l(o) = -o**3 + 18*o**2 + 5*o + 33. Let s be l(15). Suppose r + 0*r = 5*n - 1956, -2*n = -r - s. What is the hundreds digit of n?
3
Let j = -94 + 1052. What is the hundreds digit of j?
9
Let y(z) be the second derivative of -28*z**3/3 - 81*z**2 + z + 134. What is the hundreds digit of y(-5)?
1
Let m be 17/(153/(-90))*(-2)/5. Suppose 3444 = 3*w + t, w + 0*t - 1135 = m*t. What is the thousands digit of w?
1
Let j(h) = -10*h**2 - 762*h - 198. What is the hundreds digit of j(-68)?
3
Suppose 13*c - 31*c - 198 = 0. What is the hundreds digit of 386 + (c + 5 - -9)?
3
Let f = -34 - -36. Suppose -5*z - s = -1767, f*z - z - 363 = 3*s. Suppose -2*a + 19 + 89 = g, 3*g - 4*a - z = 0. What is the units digit of g?
4
Let m = -2890 + 6609. What is the hundreds digit of m?
7
Suppose 3*b - 31 = -l - 0*l, -4*b + 73 = -5*l. What is the units digit of (-975)/(-24) + b/32?
1
Let u = 4721 + -2191. Suppose -11*f + 0*f = -u. What is the tens digit of f?
3
Suppose -1141*a + 1137*a + 26488 = 0. What is the thousands digit of a?
6
Let z = 29 + -26. Let g(v) = v + 6. Let c be g(-1). Suppose i + z*h = c*h + 140, 3*h = 2*i - 282. What is the hundreds digit of i?
1
Let d(s) = -s**3 + 310*s**2 - s + 3375. What is the units digit of d(0)?
5
Suppose 8*w - 11*w - 4*a + 13 = 0, -11 = -5*w + 4*a. Let h be (-4)/((-16)/28)*(5 - w). Suppose 16*s = h*s + 20. What is the tens digit of s?
1
Let t(u) = -4*u**3 - 16*u**2 - 35*u + 11. Let f be t(-11). Suppose -269*v - f = -277*v. What is the tens digit of v?
7
Suppose 0 = 4*d - 42*r + 44*r - 42378, -4*d = 4*r - 42368. What is the hundreds digit of d?
5
Let c = -9556 + 9555. Let j(t) = -32*t + 4. Let a be j(5). What is the tens digit of ((-2)/(-4))/(c/a)?
7
Suppose t - 6 = -j, -2*j + 7 = -t + 4. Suppose 16*i = 12*i - z + 709, t*z + 721 = 4*i. What is the hundreds digit of i?
1
Let u(k) be the first derivative of -23*k**2 + 7*k - 139. Suppose 0*f = 2*f + 4. What is the tens digit of u(f)?
9
Suppose -2*c + 18 = 16. Suppose k - 3 + c = 0. Suppose -5*t - k*y - 60 = -361, -2*t - 4*y + 114 = 0. What is the tens digit of t?
6
Let n(o) = 597*o + 1020. What is the tens digit of n(31)?
2
Suppose 0 = -28*y + 56025 + 75491. What is the thousands digit of y?
4
Suppose -164*f + 880540 + 901482 = -47070. What is the units digit of f?
3
Suppose -5*d = 2*c - 73, -5*c = -d - 2*c + 1. Let o(q) = -9*q - 285 + 253 - q**2 + 2*q**2. What is the units digit of o(d)?
0
Let n(d) = -433*d - 462. What is the ten thousands digit of n(-26)?
1
Let d(f) = -f**3 - 8*f**2 + f - 8. Let q be d(-6). Let u be 15/(-20) + q/(-8). What is the units digit of (1 - u/4)*50/(-1)?
5
Suppose -10*s + 39 = 6039. Let w = s - -1360. What is the hundreds digit of w?
7
Suppose 142*t - 145*t = -6. Let a(v) = 84*v**2 + 4*v - 3. What is the hundreds digit of a(t)?
3
Let s be 1/3 + -1 + 11000/30. What is the units digit of s - 1/4*28?
9
Let g(n) = 9*n**2 + 2*n - 43. Let b(s) = -1. Let z(a) = -4*b(a) + g(a). What is the tens digit of z(-6)?
7
Let g(c) = c**3 + 30*c**2 - 124*c + 86. What is the tens digit of g(19)?
1
Let o = 9 + -17. Let h(n) = -n**3 - 2*n**2 + n + 4. What is the hundreds digit of h(o)?
3
Let r be ((-2961)/42)/(6/(-20)). Suppose -6*z + r = 5*b - 5*z, 0 = z - 5. What is the units digit of b?
6
Suppose -g = -5*v - 3 - 2, 4*v - 25 = -5*g. Suppose v = 5*z - b - 4*b - 50, 5*b + 35 = 2*z. Suppose -z*y + 395 + 15 = 0. What is the units digit of y?
2
Let u = -1130 + 792. Let v = u - -702. What is the hundreds digit of v?
3
Let q be 16 + -15 - (-2 - 0). Suppose q*r - 5*d - 10 = 0, 4*r = 8*r - d - 19. Suppose -r*t - 2*z = -40, 0*z + 2*z = t - 8. What is the units digit of t?
8
Suppose -5*k - 343 = 2*k. Suppose -5*j + 4*j = -3*q - 121, 0 = -3*j - 5*q + 419. Let c = j + k. What is the tens digit of c?
8
Let u be (-316)/14 + 44/77. Let g = u + 76. Suppose 6*i = 3*i + g. What is the units digit of i?
8
Let m be (123/9)/((-2)/(-8 + 2)). Let n = 28 + m. Suppose -f = l - 30 - n, 5*l = -10. What is the units digit of f?
1
Suppose -3*q + 4*i - 37 = 0, -9*q = -6*q + 4*i + 53. Let k(g) = -5*g - 14. What is the units digit of k(q)?
1
Let i = 89 + -77. Suppose -31*g - i = -28*g. What is the tens digit of (g/(-4) - 3 - -3)*104?
0
Suppose 285755 = 14*a + 49967. What is the ten thousands digit of a?
1
Suppose 4*w + 50646 = 5*n, -4*w - 30378 = 204*n - 207*n. What is the hundreds digit of n?
1
Suppose -4*q = -p, -5*q + 105 = 7*p - 3*p. Suppose -14 = 4*z + 3*a, -35*z + 16 = -37*z + 3*a. What is the units digit of 435/5 + p/z?
3
Suppose 3*s - 3*y = 990, 0 = 2*s + 2*y + 2*y - 660. Suppose 2*j + x - 164 = -0*j, 4*j + x - s = 0. Let a = j - -102. What is the hundreds digit of a?
1
Suppose -66 - 22 = -11*y. Suppose -y*z - 2008 = -16*z. What is the tens digit of z?
5
Let n be 1 - (-4 + 153) - 2. What is the units digit of (-3360)/n*5/2?
6
Let n be 1/((-2 + 1)*5/(-1765)). Let o be 185/6 - (-2)/12. Suppose 4*p - n - o = 0. What is the units digit of p?
6
Suppose 4138316 = 74*c + 108*c. What is the hundreds digit of c?
7
Let m(w) = -5*w - 59. Let b be m(-19). Suppose b*p + 3*x = 34*p + 779, -3*p - 5*x + 1170 = 0. What is the hundreds digit of p?
3
Suppose -3*s - 3*p + 32445 = 0, -15*s - 12*p = -12*s - 32409. What is the ten thousands digit of s?
1
Suppose 0 = 4*s, -2*s - 7 - 9 = -2*g. Let h(w) = 10*w**2 - 27*w + 20. What is the hundreds digit of h(g)?
4
Let k = 9120 + 7664. What is the units digit of k?
4
Let o(u) = -1674*u**3 + 13*u**2 - u - 12. What is the ten thousands digit of o(-3)?
4
Let g = 518 - 304. Suppose o = -5*u + g, 0 = 13*o - 18*o - u + 1190. What is the tens digit of o?
3
Let c(y) be the second derivative of -37*y**4/24 + 5*y**3/6 + 10*y**2 + 32*y. Let x(r) be the first derivative of c(r). What is the units digit of x(-5)?
0
Suppose -t - 6 = -0*t + 2*h, t - 3*h - 14 = 0. Suppose v - 5*g = -41, 2*v + 23 = t*g - 59. Let x = 77 + v. What is the units digit of x?
6
Let q(l) = -1762*l**3 - 5*l**2 - 7*l + 1. What is the units digit of q(-1)?
5
Suppose -6*m + 8271 = 1845. Let o = 1883 - m. What is the hundreds digit of o?
8
Suppose 11*y = 9*y + 5*a + 59335, 5*y = 5*a + 148375. What is the hundreds digit of y?
6
Let u be (-1)/(-1) + -11 + 7. Let h(l) = -7*l**2 - 3*l - 6. Let p(m) = -14*m**2 - 7*m - 11. Let c(o) = u*p(o) + 5*h(o). What is the tens digit of c(-4)?
9
Let h(f) = -f**3 - 3*f**2 - 2*f - 6. Let n be h(-3). What is the tens digit of 6/((-180)/370)*(n - 3)?
3
Suppose 4*d - 21 = -3*d. Suppose 8*b = d*b + 1815. Suppose -189 - b = -4*t. What is the tens digit of t?
3
Let h(x) = 9*x - 15. Let u(v) = -9*v + 16. Suppose -80 = -5*n - 65. Let d(y) = n*h(y) + 2*u(y). What is the tens digit of d(5)?
3
Let v be (-1247)/(-3) + (110/(-88))/(45/(-12)). Let d(r) = r + 2. Let o be d(0). Suppose 152 = 2*w - g - 3*g, -5*w = o*g - v. What is the units digit of w?
2
Suppose 0 = 14*p - 241 + 185. What is the tens digit of (6/p)/((-51)/(-39338))?
5
Suppose -10*c + 0*c = -220. Suppose 10*r - 12*r = c. Let g = r - -15. What is the units digit of g?
4
Let t be (4899 - 4) + 1 - -3. Suppose 8*z - t + 267 = 0. What is the hundreds digit of z?
5
Let t = 38612 + -26503. What is the thousands digit of t?
2
Suppose -4*u = -4*n - 56812, 0 = -n - 24 + 19. What is the thousands digit of u?
4
Suppose -p + 285 = 2*p. Suppose -p = -10*z + 15*z. Let u = -3 - z. What is the units digit of u?
6
Let q(d) = -23*d**2 + 29*d. Let z(w) = w**2 + w + 1. Let j(l) = -q(l) - 5*z(l). Let i be j(10). What is the tens digit of (6/(-9))/((-5830)/i + 4)?
9
Let z(c) = 9*c**3 - c**2 - 3*c + 5. Suppose 2*x = 5*l - 26, 2*x + 0*l - 2 = -2*l. Let t be 4 + (x - -1)/1. What is the tens digit of z(t)?
6
Let y = -101 - -104. Suppose 0 = y*f + 45 + 12. What is the units digit of -7 + (-8)/(-2) - f?
6
Let p = 401 - 407. What is the hundreds digit of p/(5 + 1 + 27325/(-4550))?
0
Let x be 1*(-22)/(-55)*(3 + 2). What is the tens digit of x/(-8) + 6 + 34510/56?
2
Let m = -1422 - -49133. What is the units